- 17).
23
Calculate -59 + 14 + 65 + (5 - (-3 + -2)).
30
What is the value of (60 - (24 - -14)) + (-67 - (-8 - -3))?
-40
Evaluate 62 + (150 - 152 - (4 + 2)).
54
-32 - (-20 + -3 + -11 + (23 - 0))
-21
Evaluate (-39 - (34 + -41 + -38)) + 121.
127
What is -1 - 21 - -30 - (36 - (-11 - -6 - 2))?
-35
What is (-7 - (-9 + 12) - -41) + -18?
13
What is 19 + -17 + 32 + 10 - (-2 - -8)?
38
What is the value of 48 + (7 - 69 - -13)?
-1
Calculate (-89 - (15 - 34)) + 35.
-35
Calculate 2 + -16 - (4 + 20) - ((-5 - 0) + 0).
-33
Evaluate -2 + 9 + -2 + -14 - (-4 + 23).
-28
What is the value of (1 - -44) + (-28 - (-43 + 49 - 48))?
59
Evaluate -115 + (23 - 34) + 45 - 10.
-91
Calculate 2 - -23 - ((-181 - -118) + (-6 - -46)).
48
What is (61 - 19) + (-159 - -138) - (0 - -82)?
-61
What is -50 - (-83 + 82 - -24)?
-73
What is the value of -34 + -32 - (-269 - -262)?
-59
What is the value of 1 + -57 - (61 - 42 - 22)?
-53
Calculate -141 - (-131 - -9) - (-1 - -18).
-36
What is the value of -149 + (122 - (-61 + -4))?
38
Evaluate 1 + (0 - 32) + (132 - (-51 - -192)).
-40
What is -44 - ((-7 - (-9 + 9)) + -7)?
-30
Evaluate 10 + (8 - (67 - (-15 + 15))).
-49
What is 0 + 13 - (3856 - 3887)?
44
Calculate 45 + 28 + -65 + 40.
48
What is the value of ((1 - -10) + (92 - 100) - -8) + 8 + 43?
62
Calculate 113 - (19 + 18 + -16 + (4 - 5)).
93
Evaluate 425 - 408 - (25 + 2).
-10
Evaluate 29 + -65 - (17 - 31 - (-7 + 0) - -21).
-50
Evaluate (6 - (22 - (-10 + (3 - -7) - -12))) + -71.
-75
What is (16 - (1 + 8) - (2 + 9)) + 4?
0
-4 + 1 + (-1 - -2) - (-164 + 155)
7
What is the value of (20 - 14) + -51 + (-3 - -11)?
-37
Evaluate (-80 - (-3 + -4)) + (12 - (-1 + 2)) - 9.
-71
What is the value of 597 + -598 - (20 + 0 + 0)?
-21
What is the value of 39 - -20 - (-121 - -113)?
67
What is the value of 6 - 7 - (4 + -15) - (-59 + (9 - 12))?
72
Calculate 79 - (1 + 5 + -35 + -169 + 190).
87
What is the value of 52 - 79 - (-69 - -39)?
3
Evaluate -89 + (298 - (119 + -10)).
100
What is (91 - -42 - 21) + (-15 - 1) - -18?
114
Calculate -147 + (81 - 1 - (760 - 725)).
-102
What is the value of (-153 + 50 - -58) + 3 + 191?
149
Evaluate 1 + -6 + (-13 - (41 - 51)).
-8
What is -46 - (80 + -40 - 102)?
16
Calculate 93 + (10 - 0) + -27 + 71 + -59.
88
What is -15 - (-127 + 123 - (51 - -1))?
41
What is (59 - (50 + -25)) + -10 - (-89 - 1)?
114
Evaluate -24 + 7 + 9 + (4 - 7) + 22 - -30.
41
(13 - 8 - 7) + -36 - (15 - 17)
-36
Evaluate 32 + -61 + 129 - (-6 - (-32 + 8)).
82
(-4521 - -4514) + 1 + 40
34
What is the value of (82 - 42) + -16 + 71 - 21?
74
-67 + -38 + 32 + 84
11
Calculate -17 - (-5664 + 5649 + (-18 + -1 - -2)).
15
Evaluate 130 + -45 - 157 - -58.
-14
What is 34 - (181 + 4 - 77)?
-74
What is the value of -29 + 19 + 25 + (0 - 1)?
14
Evaluate 1231 + -1151 + (-5 - (-5 - (-3 - -1))).
78
-75 - (-2 - (-8 - (3 - 14)) - 3 - -16)
-83
Calculate 1 - -9 - (-46 - -61).
-5
What is (-6 - 1 - -6 - -12) + -3 + (1 - 63)?
-54
Evaluate -16 - (-19 + -50) - 40.
13
Evaluate -4 + 26 - ((-18 - (18 - 21)) + 26).
11
What is the value of (10 - -5) + -3 + 0 + (30 - (50 + -10))?
2
Evaluate (9 - 0) + -117 + 111 + 48.
51
What is 4 + 31 - 45 - (-1 - (25 + -3))?
13
What is -16 - -2 - -1 - (200 + (-207 - -65))?
-71
Calculate 7 - -3 - 27 - 40 - (-36 + 26).
-47
-13 - (10 + -47 + (2 - -18))
4
Evaluate -13 - -30 - 66 - 2.
-51
Calculate 22 - (-19 - -8) - (-14 + 2).
45
What is (74 - -24) + -146 - -88?
40
(46 - (-78 + 133)) + 117
108
What is (-8 - -166) + (121 - 26) + -96?
157
Calculate (76 - (-112 - -108)) + 5.
85
-14 + 0 - -1 - (-89 + 53 + 9)
14
What is (41 - 16 - 8) + -9 + (2 - -2) + -35?
-23
What is 14 + (34 - 6) + -16 + 24?
50
Calculate (-96 - (-21 + -1 + 15 - (5 + -5))) + -4.
-93
-94 + 34 + 49 + 14 + 1
4
What is 6 - 26 - (-424 - -399)?
5
Calculate -48 - -88 - (17 + 3 + -7 - 3).
30
Calculate -4 + 50 + 2 + -29 + 12 + 1.
32
What is the value of 41 + (-21 - 3) + -39?
-22
Calculate (-78 - (-7 - -21)) + 5 + 34.
-53
What is 4 + -16 + 0 + 29 + 1 + 56?
74
Calculate (-125 + -32 - -83) + 64.
-10
What is -41 - (-43 - 33) - (5 + 0)?
30
(268 - 284 - (-2 + -11) - 1) + 67
63
(-3 - 16) + -3 - (101 + (-48 - 103))
28
What is the value of 115 + -242 + 135 + (54 - -1)?
63
What is (-42 - (-71 - -46)) + (5 - 1)?
-13
What is -12 - (-58 - -50) - (2 + -136 - -1)?
129
Evaluate (1 + (2 - -12) - (-146 + 264)) + 17.
-86
What is the value of (340 - 742) + 315 + (6 - 1)?
-82
Calculate (1 - (-11 - 0) - (229 + -344)) + (1 - 14).
114
Calculate -26 + (-4 - (-14 - 11)) - -70.
65
Calculate (1 - 5) + (-7270 - -7349).
75
Evaluate 3 - (7 - (110 + -114 + (1 + 0 - -2))).
-5
(-11 - (7 + -3) - (-34 + 23)) + 14
10
What is the value of -6 + (-14 - -17) + 11 - -4 - -1?
13
What is -46 - (-29 - (13 - 4))?
-8
What is (89 - 27) + -36 - 32?
-6
What is the value of 20 - (-12 - ((37 - 6) + 25))?
88
4 - (120 - 31 - 52)
-33
Calculate (-2 + -1 - (1 + 1)) + (1689 - 1627).
57
What is (0 - 4) + (21 - 45 - -7 - -18) + -4?
-7
What is the value of 5 + (3 - (88 - 4)) + 71 + -62?
-67
Calculate 105 - (146 - (-64 + 116)).
11
What is 46 - (-9 - (5 + (-1 - (7 - 7))))?
59
What is the value of (-29 - 61) + 19 + 87?
16
Evaluate -57 + 79 + -24 + (5 - 5) + 0 + -19.
-21
Calculate 10 - (-16 + -4) - (-7 + 0 + 3).
34
What is 2 + -26 + 36 - 45 - (-9 - -9)?
-33
What is -2 + (-10 - -22) + -29 + 9 - (-14 - -1)?
3
Evaluate 1 + (43 + -23 - -5) + -22.
4
((13 - (-8 + 17)) + -14 - -40) + 1 + 1
32
119 + -38 + (-28 - -2) + 21
76
Evaluate (90 - 16) + -33 + (1 - -6 - -2) + -10.
40
What is (-40371 - -40417) + (13 + 0 - (0 - 1))?
60
69 - 4 - (-9 + -5 + (11 + -2 - -12))
58
-84 + (1 - 4) + (-14 - (-17 + 12 + -15))
-81
Evaluate -19 - (-40 + (9 - -21)).
-9
Evaluate -2 + -22 + 7 - (0 + (-5 + 12 - 11)).
-13
What is the value of -41 + 11 + (12 - (-2 + -6))?
-10
What is 16 - ((-2 - -9) + (-1 - -4) + 8 + -22)?
20
Calculate (11 - 0) + -66 - (-2 - -3 - 16).
-40
What is the value of (-8 - (2 - 5) - (-7 + 4)) + -5 + 90?
83
What is the value of 3 + 34 + (-14 - 7 - -39) + -20?
35
Calculate 36 + (-32 - (-10 + 59)).
-45
(-14 - -2) + 15 + (38 - (-1 + 2))
40
Calculate -15 + -3 + 8 - (14 - -44) - -1.
-67
Evaluate 21 - (-1 + (15 + -13 - 22)).
42
What is -142 - (-250 + 113) - (-4 - -1) - 53?
-55
Calculate (-1 - -15) + -32 - -10 - (1 - 5) - -52.
48
Calculate 30 + -28 - (53 - 1 - (37 - 41)).
-54
Calculate 9 - (-79 - -82 - (-56 + (-7 - 2))).
-59
Calculate -17 + -44 + 63 + 3 + (-3 - -6).
8
Evaluate 24 + -26 - (-3 + 1 + 5 + -46 - -5).
36
Calculate 54 - (15 + 27) - -9.
21
What is the value of (13 - 2) + (0 + 5 - (-32 + 11))?
37
What is the value of 6 - (-6 + -5 + 0 + 37)?
-20
What is the value of (30 - 41) + (-11 - -17) - -26?
21
-231 + (24 - 62) + 130
-139
What is 10 + (1 - -21 - (27 - (-27 - -45)))?
23
Calculate 6 + 0 + -1 + -105 - (4 + -19 + 0).
-85
What is (14 - 77) + (-2 - (7 + -5 + -3))?
-64
What is the value of -3434 + 3411 - (0 - (-3 - 0))?
-26
Evaluate 27 + (-47 - (-44 - -6)).
18
Calculate (-36 - (-1 - -6) - (5 + -2)) + (-37 - -32).
-49
What is the value of -6 - (9 + 1 + -5 + (-18 - -3) + 22)?
-18
Evaluate (-60 - -48) + 7 + -57.
-62
Evaluate 11 - (-6 + 1 + -3 + 137 + -181).
63
What is 2 - (137 + -21 + -10 + -13)?
-91
Calculate -3 - 0 - (26 + -66 + 33) - 110.
-106
-32 + (24 - (-22 + 25)) - 70 - (-1 + 0)
-80
Calculate 23 + (38 + 11 - 53).
19
Evaluate 76 - (21 - 9) - (17 + -23 + (-2 - -13)).
59
Evaluate (47 - 49) + (-107 - -49).
-60
What is (13 - -10 - (55 - 35)) + -66?
-63
Evaluate 20 + (8 - (15 - 0)) + (-9 - (-2 + 2)).
4
Evaluate (-332 - -377) + (-84 - 0).
-39
-41 + 91 + (-77 - -40)
13
Calculate 30 + (-30 - (-110 + 53)).
57
(1 - -2) + (471 - 485) + (-1 - (1 + -12))
-1
Calculate -7 - (-18 - -14) - -1 - (-63 - 3 - 10).
74
What is the value of (-25 + 9 + 9 - 8) + (114 - -2)?
101
-15 + 2 + (-2178 - -2152)
-39
Evaluate (12 - 39) + 41 - (-7 - -22) - (-86 - 0).
85
6 + (-25 - -7) + 102 + -2 + -2 + 1
87
What is the value of 6 - (-8 + (19 - 15)) - (7 + -5)?
8
What is 35 + 1 - (25 - (15 - (14 - 13)) - 1)?
26
Evaluate -1 - (1 + 37 + (-55 + 55 - -2)).
-41
What is 11 + -11 + (3 - (1 + 0)) + (-12 - -42)?
32
What is (-706 - -645) + (-6 - -52)?
-15
(-6 - (-19 + 2 + 4)) + 4 + 7 + -14
4
6 + (-19 - 3) - (-330 + 328)
-14
What is ((-5 - 7) + 5 - 6) + (-55 - -73) + -30?
-25
Evaluate -3 - -12 - (39 + (44 - 90)).
16
Evaluate (-22 - -16 - 14) + 2 + 2 + -1.
-17
Calculate 7 + -70 - (-3 + -40 - -22